(h) = 2*h + 9. Let l be p(-7). Let d(g) = -40*g + 47 - 50 + 28*g - 2*g**2. Let v be d(l). Give s(v).
-4
Let i be ((-16524)/(-648))/(6/4). Let t(s) be the second derivative of -1/6*s**3 - i*s + 0 + 3*s**2. Determine t(-5).
11
Let y(t) = -25*t - 2. Let p(r) = -2*r**3 + 78*r**2 - 79*r + 115. Let w be p(38). Determine y(w).
-27
Let u(m) = -m**2 + m - 2. Let t = 51 - 51. Let c be 3 - t - (-4 + 2). Suppose 0 = 5*n - y + 3 - 8, 3*n - c*y + 19 = 0. What is u(n)?
-4
Let q be -11*(-1 + 0) + (-17744)/1109. Let x(c) = -33*c + 8. Calculate x(q).
173
Let w(n) = 3*n**2 + 0*n - 2*n**2 - 183 + 120 - 2*n + 70. Let y(i) = -i**2 + 3*i - 7. Let u = -8 - -11. Let c(t) = u*y(t) + 2*w(t). Determine c(5).
-7
Let d(y) be the third derivative of y**7/630 - y**6/144 - 7*y**5/20 - 5*y**4/24 - 14*y**2 - 3*y. Let n(b) be the third derivative of d(b). Determine n(2).
11
Let f be 9/(-8) - -2*(-4)/(-64). Let v(d) = -2 + 4*d + 0*d**2 + 0*d - 2*d**2. Let q(k) = k**2 - 3*k + 1. Let u(w) = 3*q(w) + 2*v(w). Determine u(f).
-1
Let t(m) = 4*m + 2. Let q(w) = -2*w - 5 - 7*w + 0. Let z be (52/(-16))/(-1) - 52/208. Let n(g) = z*q(g) + 7*t(g). Calculate n(-5).
-6
Let z(c) = -6*c - 2. Suppose q + a - 4 = 2*a, 5*a + 19 = 4*q. Suppose 2*i - m + 6 = 0, -4*i - 3*m = -11 + 3. Let f = i - q. Determine z(f).
10
Let p(d) = d**2 + 81. Let r be p(0). Suppose r = 8*v - 15. Suppose -v = 3*w, -w - 4 = 13*l - 10*l. Let a(u) = -u - 12. Give a(l).
-12
Suppose -3*k = 4*y - 4, -k + 5*y + 8 = -6. Let a(r) be the first derivative of -r**4/4 + r**3 + 3*r**2/2 + r + 17446. Calculate a(k).
-3
Suppose 0 = t + 6*w - 23, 5*t = -10*w + 9*w + 86. Let u(c) = -c**3 + 16*c**2 + 15*c + 30. Determine u(t).
-4
Let h(c) be the first derivative of 5*c**4/4 - 37*c**3/3 + 6*c**2 + 9*c - 11326. Determine h(7).
-5
Let n(d) = 2*d**2 - 20*d + 13. Let c be 1*(-2 - -3) - (252 + 1). Let j be (c/105)/((-8)/30). Determine n(j).
-5
Let f(t) = -6*t - 295. Let w be f(-50). Let y(v) = v**3 + 44880*v**2 - 44876*v**2 + 3*v + 5 - w*v - 2*v + 6*v. Calculate y(-4).
-3
Let s(u) be the third derivative of 3*u**4/4 + u**3/2 - 2*u**2 + 2*u + 232. Give s(6).
111
Let t = -5320 + 5329. Suppose -2*a - f - 4*f = -24, 4*f - 12 = 2*a. Suppose a*l = -0*l + 6, 4*l = -c + t. Let b(y) = -y - 1. Determine b(c).
2
Let b(d) = d**2 + 4*d + 4. Let a be 1 - 2*(-2)/1. Suppose 61 = -a*k - 219. Let i = 53 + k. Give b(i).
1
Let j(x) = 42*x - 9. Let p(u) = 201*u - 45. Let c(f) = -24*j(f) + 5*p(f). Determine c(0).
-9
Let f(v) = v**2 - v - 5. Let c = -92 + 94. Suppose 12 = -3*w, -5*i + c*w + 23 = -0*w. Suppose 18*r - i*r = 0. What is f(r)?
-5
Let z(n) = 11*n**2 - 5*n - 3. Let d(t) = -13*t**2 + 5*t + 3. Suppose 3*h - 4*p + 5 - 7 = 0, -5*h + 46 = 4*p. Let o(g) = h*z(g) + 5*d(g). What is o(8)?
21
Let c(v) = v**2 + 5*v - 1. Suppose -5*l + 5*o + 141 - 351 = 0, 5*o = -25. Let a = l + 73. Let b(w) = -w + 19. Let r be b(a). Determine c(r).
13
Let j(t) be the second derivative of -t**7/840 + t**6/60 - t**5/40 + t**4/4 + t**3/6 - 3*t**2 - 30*t. Let k(c) be the second derivative of j(c). Calculate k(5).
16
Suppose -5*d = 4*w + 38, -3*w - 7*d = -5*d + 25. Let q(a) = -5*a - 9. Let t be -1 + 9 + 0/(-1). Let u(c) = -14*c - 26. Let m(o) = t*q(o) - 3*u(o). What is m(w)?
-8
Let w(c) = 5*c - 12. Let k(b) = -28*b - 1454. Let j be k(-52). Determine w(j).
-2
Suppose 0 = -d + 4*n - 45, -28*d - 4*n = -26*d - 18. Let w(t) = -t**2 - 16*t - 21. What is w(d)?
42
Let y(q) = -q**2 + 8*q + 12. Let u(d) = 3*d - 1. Let o be u(2). Let c be (-3 + -37)*8/o. Let i = c + 73. Determine y(i).
3
Let c be ((-8)/72*843)/((-2)/12). Let o = -564 + c. Let f(q) = q**3 + 2*q + 6. Calculate f(o).
-6
Let o(i) = i**3 - i**2 - 3*i - 5. Let d(l) = 3*l**3 - 2*l**2 - 9*l - 19. Let k(x) = 2*d(x) - 7*o(x). What is k(3)?
6
Let i(g) be the first derivative of 1/2*g**4 - 3*g + 1 + 2/3*g**3 - g**2. Let m be (32 + -40)*(-2)/(-8). Determine i(m).
-7
Let s(o) = 1561 - 13*o + 71*o - 1556. What is s(2)?
121
Let p(z) = 28*z**2 - 60*z - 18. Let y(j) = -28*j**2 + 41*j + 13. Let m(n) = -2*p(n) - 3*y(n). Give m(-1).
28
Suppose 17*t - 18 - 101 = 0. Suppose t*h - 12*h = 5. Let p(y) = y - 1. Give p(h).
-2
Let f = 14 + -17. Let r be ((-19)/f)/((-2)/(-6)). Let x(a) = -16 + 2*a - 16 + 53 - r. What is x(4)?
10
Let c(u) = u**2 + 13*u + 25. Let h be c(-11). Suppose h*v = 21*z - 19*z - 13, 0 = 3*z - 6. Let w(i) = i**3 + 4*i**2 + i - 2. Determine w(v).
4
Let t(l) = l - 18. Suppose -187*w = -183*w - 64. Suppose -12 = -7*c + 6*c. Let k be ((-20)/w)/(2/c)*-2. What is t(k)?
-3
Let k(b) = b**2 + 13*b - 8. Let g(h) = 2*h**2 + 19*h - 8. Let j(y) = 3*g(y) - 4*k(y). Calculate j(-4).
20
Let a(v) = -2*v**2 + v - 2. Let m = -75 - -122. Suppose 0 = 3*i + m - 56. What is a(i)?
-17
Let x(c) = 535*c**3 - c - 180*c**3 - 179*c**3 - 186*c**3. Let w(v) = -v**2 + 3*v - 2. Let u be w(5). Let n = u + 11. Determine x(n).
11
Suppose 29 = 7*m + 22*m. Let d(z) = 6*z**2 + 5*z - 5. Calculate d(m).
6
Let v(n) = n**3 - 8*n**2 + 3*n - 13. Let q = 3876 - 3868. Determine v(q).
11
Suppose -8*l - 823 = 561. Let y = -178 - l. Let x(s) = -3*s - 18. Give x(y).
-3
Let b(f) be the second derivative of -f**5/20 - 5*f**4/12 - f**3/3 - f**2 + 2369*f. Let n(a) = -a + 2. Let c be n(7). What is b(c)?
8
Let s(w) = 6*w**3 - 16*w**2 - 152*w - 39. Let r(t) = -2*t**3 + 5*t**2 + 50*t + 16. Let n(k) = -11*r(k) - 4*s(k). Give n(8).
-4
Let z = -3838 - -3843. Let h(m) = 5*m**2 - 25*m + 12. Give h(z).
12
Let w(a) = -a**3 + a**2 - a - 2. Let y(p) = -p**3 - 2*p**2 + 3*p + 3. Let t be y(-3). Suppose -3*g + 2 = 4*k, -3*g = t*k - 0 - 3. Determine w(g).
-8
Let j(i) be the first derivative of -i**4/4 - 13*i**3/3 - 23*i**2/2 - 2*i + 38. Let c be j(-11). Let v(d) = -d**2 + 8*d + 3. Determine v(c).
-6
Let b(v) = 13*v**2 - 21*v - 212. Let y(j) = 10*j**2 - 16*j - 159. Let n(u) = -7*b(u) + 9*y(u). Give n(9).
-1
Let d(r) = 8*r + 36. Let w(o) = -8*o + 37. Let z(a) = 2*d(a) + 3*w(a). What is z(22)?
7
Let h = -82 + 86. Let y(r) = 2*r + 16. Let s(z) = -3*z - 17. Let u(n) = h*s(n) + 5*y(n). Let g be u(5). Let m(q) = -2*q**2 + q. Give m(g).
-6
Let k(c) = 1 - 2*c**3 + c**2 + 6*c - 4*c - 3*c - c**3. Let q(d) be the second derivative of d**3/6 - 4*d**2 + 15*d. Let h be q(9). Determine k(h).
-2
Let f(g) = g**2 - 31*g + 224. Let i be ((-32)/(-56))/(-3 - 424/(-140)). Give f(i).
4
Let d(g) = -2 + 0*g + 890127497*g**3 + 2*g**2 + g - 890127496*g**3. Let j = -5 + 3. Calculate d(j).
-4
Let m(h) = 2 + 1187*h + 5 - 1249*h + 2 - 8. Give m(-1).
63
Let k be 26/(-4)*(-62 + 60). Let t(x) = x**3 - 15*x**2 + 24*x + 25. Determine t(k).
-1
Let p(j) be the third derivative of -j**8/336 + j**6/720 - j**4/3 - 15*j**2. Let m(y) be the second derivative of p(y). Let h = -35 - -34. What is m(h)?
19
Let c(p) = -406 - 29*p + 4*p + 65 + 93 + 36. Give c(-8).
-12
Let j(n) be the first derivative of n**2/2 + 4*n - 2. Let k be ((-1275)/(-6) + -4)/(33/(-176)). Let o = k + 1112. What is j(o)?
4
Let c(j) = -j**3 + 10*j**2 - 8*j - 93. Let o be c(7). Let m(w) = -w**3 + 3*w**2 + 5*w + 5. Give m(o).
15
Suppose s + 175*s + 1584 = -880. Let o(f) = f**3 + 13*f**2 - 14*f - 12. Calculate o(s).
-12
Let k(q) = -15*q**3 + 142*q**2 - 8*q + 194. Let p(u) = -4*u**3 + 37*u**2 - 2*u + 49. Let l(h) = 5*k(h) - 19*p(h). Calculate l(-8).
-9
Suppose 13*o = -16*o - 203 - 232. Let h(x) = -x - 23. Determine h(o).
-8
Suppose -52 = 8*o + 21 - 9. Let m(p) = -9*p - 4*p**3 + 7*p**3 + 0*p - 4 - 2*p**3 + 7*p**2. What is m(o)?
4
Let a(x) = 5*x**2 + 16*x + 38. Let i(r) = 32*r**2 + 97*r + 229. Let s(j) = 13*a(j) - 2*i(j). Determine s(-4).
-4
Let m be ((-1498)/(-84) - 17) + 1/(-6)*17. Let p(n) = 2*n + 12. Calculate p(m).
8
Let s(v) = 5*v - 102. Suppose -189*k + 187*k - 4*l + 24 = 0, 3*k = -5*l + 42. What is s(k)?
18
Let c(o) = -10 + 0 + 2 - 3*o. Let b be (77/22)/((-5)/10). Determine c(b).
13
Let q(p) = 3*p**3 - 1. Let c(k) = 2*k**3 - 32*k**2 - 4*k + 63. Let a be 18/(-90) - (-324)/20. Let b be c(a). Give q(b).
-4
Let x(w) be the second derivative of 0 - 1/2*w**2 - 1/6*w**3 - 1/12*w**4 + 49*w. Give x(-3).
-7
Let j be (-24)/16 + (-1067)/22 + 7. Let g(t) = 13*t + 571. Calculate g(j).
12
Let n(d) = d + 10 - 27*d**2 + 45*d**2 - 19*d**2 + 3*d - 18*d + 9*d. Let u = -20 + 12. Give n(u).
-14
Let y = -13 - -17. Suppose 16 = h + 7*h. Let x(u) = 3*u**2 + 4*u**2 + h*u**2 - u**3 - 5*u**2 - 2*u + 2. Calculate x